t is the tens digit of 58194?
9
What is the hundreds digit of 6294?
2
What is the hundreds digit of 648?
6
What is the tens digit of 1426?
2
What is the units digit of 66?
6
What is the tens digit of 60828?
2
What is the thousands digit of 116102?
6
What is the thousands digit of 2603?
2
What is the units digit of 726?
6
What is the tens digit of 99839?
3
What is the thousands digit of 3534?
3
What is the units digit of 3071?
1
What is the thousands digit of 3534?
3
What is the ten thousands digit of 65038?
6
What is the thousands digit of 111540?
1
What is the hundreds digit of 3566?
5
What is the tens digit of 807?
0
What is the thousands digit of 1271?
1
What is the units digit of 94545?
5
What is the hundreds digit of 1884?
8
What is the tens digit of 4270?
7
What is the tens digit of 23710?
1
What is the tens digit of 19952?
5
What is the tens digit of 29780?
8
What is the units digit of 528?
8
What is the units digit of 1548?
8
What is the tens digit of 10231?
3
What is the thousands digit of 2343?
2
What is the units digit of 1099?
9
What is the thousands digit of 4122?
4
What is the units digit of 1369?
9
What is the tens digit of 5967?
6
What is the hundreds digit of 1142?
1
What is the tens digit of 119159?
5
What is the tens digit of 111361?
6
What is the units digit of 1246?
6
What is the units digit of 63360?
0
What is the ten thousands digit of 32627?
3
What is the thousands digit of 21215?
1
What is the tens digit of 4189?
8
What is the hundreds digit of 659?
6
What is the ten thousands digit of 18136?
1
What is the hundreds digit of 11897?
8
What is the tens digit of 1001?
0
What is the hundreds digit of 880?
8
What is the units digit of 10199?
9
What is the ten thousands digit of 42927?
4
What is the thousands digit of 46591?
6
What is the hundreds digit of 7659?
6
What is the hundreds digit of 146546?
5
What is the hundreds digit of 21771?
7
What is the ten thousands digit of 27472?
2
What is the units digit of 3056?
6
What is the ten thousands digit of 111935?
1
What is the hundreds digit of 2144?
1
What is the hundreds digit of 12673?
6
What is the hundreds digit of 41200?
2
What is the tens digit of 568?
6
What is the units digit of 910?
0
What is the hundreds digit of 1749?
7
What is the hundreds digit of 1260?
2
What is the thousands digit of 16491?
6
What is the ten thousands digit of 29252?
2
What is the thousands digit of 10035?
0
What is the units digit of 4467?
7
What is the tens digit of 1028?
2
What is the units digit of 739?
9
What is the units digit of 322?
2
What is the tens digit of 75239?
3
What is the units digit of 44976?
6
What is the hundred thousands digit of 114049?
1
What is the tens digit of 1203?
0
What is the thousands digit of 11102?
1
What is the units digit of 39481?
1
What is the tens digit of 7286?
8
What is the hundreds digit of 626?
6
What is the tens digit of 7653?
5
What is the thousands digit of 8094?
8
What is the units digit of 15315?
5
What is the units digit of 14863?
3
What is the units digit of 67385?
5
What is the tens digit of 9025?
2
What is the tens digit of 4053?
5
What is the hundreds digit of 628?
6
What is the hundreds digit of 2753?
7
What is the hundreds digit of 238?
2
What is the units digit of 1298?
8
What is the tens digit of 70097?
9
What is the thousands digit of 7220?
7
What is the hundreds digit of 724?
7
What is the tens digit of 4203?
0
What is the thousands digit of 10040?
0
What is the tens digit of 31134?
3
What is the thousands digit of 13130?
3
What is the hundreds digit of 8321?
3
What is the hundreds digit of 10685?
6
What is the tens digit of 1654?
5
What is the tens digit of 582?
8
What is the hundreds digit of 143?
1
What is the units digit of 4129?
9
What is the tens digit of 34150?
5
What is the hundreds digit of 51330?
3
What is the tens digit of 1807?
0
What is the thousands digit of 19497?
9
What is the thousands digit of 30446?
0
What is the units digit of 2316?
6
What is the units digit of 2185?
5
What is the hundreds digit of 143982?
9
What is the units digit of 5336?
6
What is the hundreds digit of 7517?
5
What is the tens digit of 77?
7
What is the thousands digit of 12327?
2
What is the hundreds digit of 8317?
3
What is the thousands digit of 2716?
2
What is the units digit of 21?
1
What is the tens digit of 15158?
5
What is the hundreds digit of 10371?
3
What is the units digit of 52031?
1
What is the hundreds digit of 2349?
3
What is the tens digit of 35030?
3
What is the thousands digit of 1986?
1
What is the tens digit of 9201?
0
What is the thousands digit of 8979?
8
What is the units digit of 2336?
6
What is the ten thousands digit of 56430?
5
What is the thousands digit of 3237?
3
What is the hundreds digit of 131112?
1
What is the units digit of 1273?
3
What is the ten thousands digit of 80582?
8
What is the thousands digit of 8552?
8
What is the tens digit of 6314?
1
What is the tens digit of 699?
9
What is the ten thousands digit of 16935?
1
What is the hundreds digit of 12497?
4
What is the tens digit of 70750?
5
What is the tens digit of 9016?
1
What is the thousands digit of 2040?
2
What is the thousands digit of 3937?
3
What is the hundreds digit of 4626?
6
What is the thousands digit of 3075?
3
What is the units digit of 614?
4
What is the ten thousands digit of 71355?
7
What is the hundreds digit of 2958?
9
What is the units digit of 961?
1
What is the ten thousands digit of 94632?
9
What is the tens digit of 374?
7
What is the tens digit of 507?
0
What is the units digit of 1811?
1
What is the units digit of 889?
9
What is the tens digit of 752?
5
What is the units digit of 64?
4
What is the ten thousands digit of 10446?
1
What is the tens digit of 6180?
8
What is the units digit of 46829?
9
What is the tens digit of 95322?
2
What is the thousands digit of 2142?
2
What is the tens digit of 150?
5
What is the tens digit of 30016?
1
What is the ten thousands digit of 24925?
2
What is the thousands digit of 2403?
2
What is the units digit of 3985?
5
What is the tens digit of 1318?
1
What is the thousands digit of 2311?
2
What is the tens digit of 522?
2
What is the hundreds digit of 2003?
0
What is the hundreds digit of 3194?
1
What is the tens digit of 4557?
5
What is the hundreds digit of 1828?
8
What is the hundreds digit of 5153?
1
What is the ten thousands digit of 59244?
5
What is the units digit of 197?
7
What is the tens digit of 2523?
2
What is the thousands digit of 22872?
2
What is the hundreds digit of 342?
3
What is the ten thousands digit of 38380?
3
What is the thousands digit of 5060?
5
What is the tens digit of 129485?
8
What is the thousands digit of 2395?
2
What is the tens digit of 1669?
6
What is the tens digit of 2373?
7
What is the thousands digit of 1580?
1
What is the tens digit of 2067?
6
What is the hundreds digit of 90717?
7
What is the thousands digit of 18401?
8
What is the tens digit of 34155?
5
What is the hundreds digit of 763?
7
What is the hundreds digit of 23994?
9
What is the thousands digit of 3289?
3
What is the units digit of 88477?
7
What is the units digit of 61344?
4
What is the units digit of 3972?
2
What is the units digit of 3195?
5
What is the thousands digit of 9679?
9
What is the units digit of 1637?
7
What is the units digit of 599?
9
What is the hundreds digit of 19133?
1
What is the hundreds digit of 473?
4
What is the ten thousands digit of 56319?
5
What is the hundreds digit of 19672?
6
What is the units digit of 47760?
0
What is the ten thousands digit of 37566?
3
What is the thousands digit of 12623?
2
What is the thousands digit of 1864?
1
What is the units digit of 3736?
6
What is the hundreds digit of 674?
6
What is the thousands digit of 6124?
6
What is the units digit of 4192?
2
What is the thousands digit of 18455?
8
What is the hundreds digit of 1735?
7
What is the tens digit of 11396?
9
What is the units digit of 50466?
6
What is the hundreds digit of 62296?
2
What is the hundreds digit of 1202?
2
What is the thousands digit of 3883?
3
What is the thousands digit of 49070?
9
What is the tens digit of 8958?
5
What is the tens digit of 7583?
8
What is the hundreds digit of 1400?
4
What is the tens digit of 1412?
1
What is the hundreds digit of 19659?
6
What is the